{"id":63,"date":"2021-06-30T10:42:20","date_gmt":"2021-06-30T10:42:20","guid":{"rendered":"http:\/\/www.vinary.de\/hometasting\/?page_id=63"},"modified":"2021-07-29T09:04:01","modified_gmt":"2021-07-29T09:04:01","slug":"einsteigerseminar","status":"publish","type":"page","link":"https:\/\/vinary.de\/hometasting\/einsteigerseminar\/","title":{"rendered":"EINSTEIGER\u00adSEMINAR"},"content":{"rendered":"\t\t<div data-elementor-type=\"wp-page\" data-elementor-id=\"63\" class=\"elementor elementor-63\" data-elementor-settings=\"[]\">\n\t\t\t\t\t\t\t<div class=\"elementor-section-wrap\">\n\t\t\t\t\t\t\t<section class=\"elementor-section elementor-top-section elementor-element elementor-element-f1a2e46 elementor-section-boxed elementor-section-height-default elementor-section-height-default\" data-id=\"f1a2e46\" data-element_type=\"section\">\n\t\t\t\t\t\t<div class=\"elementor-container elementor-column-gap-default\">\n\t\t\t\t\t<div class=\"elementor-column elementor-col-100 elementor-top-column elementor-element elementor-element-65f0a39\" data-id=\"65f0a39\" data-element_type=\"column\">\n\t\t\t<div class=\"elementor-widget-wrap elementor-element-populated\">\n\t\t\t\t\t\t\t\t<div class=\"elementor-element elementor-element-016e1d2 elementor-widget elementor-widget-heading\" data-id=\"016e1d2\" data-element_type=\"widget\" data-widget_type=\"heading.default\">\n\t\t\t\t<div class=\"elementor-widget-container\">\n\t\t\t<style>\/*! elementor - v3.4.4 - 13-09-2021 *\/\n.elementor-heading-title{padding:0;margin:0;line-height:1}.elementor-widget-heading .elementor-heading-title[class*=elementor-size-]>a{color:inherit;font-size:inherit;line-height:inherit}.elementor-widget-heading .elementor-heading-title.elementor-size-small{font-size:15px}.elementor-widget-heading .elementor-heading-title.elementor-size-medium{font-size:19px}.elementor-widget-heading .elementor-heading-title.elementor-size-large{font-size:29px}.elementor-widget-heading .elementor-heading-title.elementor-size-xl{font-size:39px}.elementor-widget-heading .elementor-heading-title.elementor-size-xxl{font-size:59px}<\/style><h2 class=\"elementor-heading-title elementor-size-default\">EINSTEIGER\u00adSEMINAR<\/h2>\t\t<\/div>\n\t\t\t\t<\/div>\n\t\t\t\t<div class=\"elementor-element elementor-element-2db1049 elementor-widget elementor-widget-image\" data-id=\"2db1049\" data-element_type=\"widget\" data-widget_type=\"image.default\">\n\t\t\t\t<div class=\"elementor-widget-container\">\n\t\t\t<style>\/*! elementor - v3.4.4 - 13-09-2021 *\/\n.elementor-widget-image{text-align:center}.elementor-widget-image a{display:inline-block}.elementor-widget-image a img[src$=\".svg\"]{width:48px}.elementor-widget-image img{vertical-align:middle;display:inline-block}<\/style>\t\t\t\t\t\t\t\t\t\t\t\t<img width=\"800\" height=\"525\" src=\"https:\/\/res.cloudinary.com\/djmoyskjr\/images\/q_auto\/v1\/einsteiger_orig-1\/einsteiger_orig-1.webp?_i=AA\" class=\"attachment-full size-full\" alt=\"\" loading=\"lazy\" \/>\t\t\t\t\t\t\t\t\t\t\t\t\t\t\t<\/div>\n\t\t\t\t<\/div>\n\t\t\t\t<div class=\"elementor-element elementor-element-557100f elementor-widget elementor-widget-text-editor\" data-id=\"557100f\" data-element_type=\"widget\" data-widget_type=\"text-editor.default\">\n\t\t\t\t<div class=\"elementor-widget-container\">\n\t\t\t<style>\/*! elementor - v3.4.4 - 13-09-2021 *\/\n.elementor-widget-text-editor.elementor-drop-cap-view-stacked .elementor-drop-cap{background-color:#818a91;color:#fff}.elementor-widget-text-editor.elementor-drop-cap-view-framed .elementor-drop-cap{color:#818a91;border:3px solid;background-color:transparent}.elementor-widget-text-editor:not(.elementor-drop-cap-view-default) .elementor-drop-cap{margin-top:8px}.elementor-widget-text-editor:not(.elementor-drop-cap-view-default) .elementor-drop-cap-letter{width:1em;height:1em}.elementor-widget-text-editor .elementor-drop-cap{float:left;text-align:center;line-height:1;font-size:50px}.elementor-widget-text-editor .elementor-drop-cap-letter{display:inline-block}<\/style>\t\t\t\t<p class=\"text-muted\" align=\"left\">Das\u00a0Einsteigerseminar-Paket\u00a0besteht aus insgesamt f\u00fcnf hochwertigen Weinen: Je zwei Rot- und Wei\u00dfweine, sowie einem Cr\u00e9mant. Dazu bekommst du als Veranstalter (Vinary-Master) ein detailliertes Begleitbuch, um dich durch eure Weinverkostung zu f\u00fchren. Das Vinary-Master-Begleitbuch informiert dich dar\u00fcber, wie euer Weinseminar abl\u00e4uft, z.B. wer wann wie was macht, welche Speisen passend zu welchem Wein sind, in welcher Reihenfolge die Weine degustiert werden etc.<br \/><br \/>W\u00e4hrend des Weinseminars probiert ihr beispiels\u00adweise gleich\u00adzeitig unter\u00adschied\u00adliche Weine und erriecht, erschmeckt und erkennt unterschiedlichste Aromen. Die mitgelieferten Teilnehmer-Begleit\u00adhefte helfen euch dabei die Geruchs- und Geschmacksaromen zu deuten, diese mit der Aromen\u00ad\u00fcbersicht erfahrener Sommeliers zu vergleichen und dabei gemeinsam zu lachen.<br \/><br \/>Au\u00dfer ganz viel Spa\u00df zu haben, ist dieses Weinseminar auch perfekt f\u00fcr dich und bis zu sechs deiner Freunde, um eurer Weinwissen zu erweitern: Ihr lernt nicht nur, was die Unterschiede zwischen Wei\u00df- und Rotwein sind, oder wie diese aussehen, riechen und schmecken, sondern auch, wie sich Farbe, Geruch und Geschmack je nach Anbaugebiet, Jahrgang und Rebsorte unterscheiden.<\/p>\t\t\t\t\t\t<\/div>\n\t\t\t\t<\/div>\n\t\t\t\t<section class=\"elementor-section elementor-inner-section elementor-element elementor-element-52329a5 elementor-section-boxed elementor-section-height-default elementor-section-height-default\" data-id=\"52329a5\" data-element_type=\"section\">\n\t\t\t\t\t\t<div class=\"elementor-container elementor-column-gap-default\">\n\t\t\t\t\t<div class=\"elementor-column elementor-col-50 elementor-inner-column elementor-element elementor-element-e3d4a3c\" data-id=\"e3d4a3c\" data-element_type=\"column\">\n\t\t\t<div class=\"elementor-widget-wrap elementor-element-populated\">\n\t\t\t\t\t\t\t\t<div class=\"elementor-element elementor-element-8a9d387 elementor-widget elementor-widget-image\" data-id=\"8a9d387\" data-element_type=\"widget\" data-widget_type=\"image.default\">\n\t\t\t\t<div class=\"elementor-widget-container\">\n\t\t\t\t\t\t\t\t\t\t\t\t\t\t\t<img width=\"700\" height=\"525\" src=\"https:\/\/res.cloudinary.com\/djmoyskjr\/images\/q_auto\/v1\/einsteiger-2-1\/einsteiger-2-1.webp?_i=AA\" class=\"attachment-full size-full\" alt=\"\" loading=\"lazy\" \/>\t\t\t\t\t\t\t\t\t\t\t\t\t\t\t<\/div>\n\t\t\t\t<\/div>\n\t\t\t\t\t<\/div>\n\t\t<\/div>\n\t\t\t\t<div class=\"elementor-column elementor-col-50 elementor-inner-column elementor-element elementor-element-ba67e5a\" data-id=\"ba67e5a\" data-element_type=\"column\">\n\t\t\t<div class=\"elementor-widget-wrap elementor-element-populated\">\n\t\t\t\t\t\t\t\t<div class=\"elementor-element elementor-element-1e120a5 elementor-widget elementor-widget-text-editor\" data-id=\"1e120a5\" data-element_type=\"widget\" data-widget_type=\"text-editor.default\">\n\t\t\t\t<div class=\"elementor-widget-container\">\n\t\t\t\t\t\t\t<p><b>Paketinhalt:<\/b><br \/>1 Flasche Cr\u00e9mant (Schaumwein)<br \/>2 Flaschen Wei\u00dfwein<br \/>2 Flaschen Rotwein<br \/>1 Vinary-Master Begleitbuch<br \/>7 Teilnehmerhefte<br \/><br \/><b>Preis (kostenloser Versand nach DE)<\/b>: 49,99\u20ac<\/p>\t\t\t\t\t\t<\/div>\n\t\t\t\t<\/div>\n\t\t\t\t<div class=\"elementor-element elementor-element-9894487 elementor-align-left elementor-mobile-align-center elementor-widget elementor-widget-button\" data-id=\"9894487\" data-element_type=\"widget\" data-widget_type=\"button.default\">\n\t\t\t\t<div class=\"elementor-widget-container\">\n\t\t\t\t\t<div class=\"elementor-button-wrapper\">\n\t\t\t<a href=\"https:\/\/vinary.de\/hometasting\/ordering-page\/\" class=\"elementor-button-link elementor-button elementor-size-xl\" role=\"button\">\n\t\t\t\t\t\t<span class=\"elementor-button-content-wrapper\">\n\t\t\t\t\t\t<span class=\"elementor-button-icon elementor-align-icon-left\">\n\t\t\t\t<i aria-hidden=\"true\" class=\"fas fa-shopping-cart\"><\/i>\t\t\t<\/span>\n\t\t\t\t\t\t<span class=\"elementor-button-text\"> Bestellen<\/span>\n\t\t<\/span>\n\t\t\t\t\t<\/a>\n\t\t<\/div>\n\t\t\t\t<\/div>\n\t\t\t\t<\/div>\n\t\t\t\t\t<\/div>\n\t\t<\/div>\n\t\t\t\t\t\t\t<\/div>\n\t\t<\/section>\n\t\t\t\t\t<\/div>\n\t\t<\/div>\n\t\t\t\t\t\t\t<\/div>\n\t\t<\/section>\n\t\t\t\t\t\t<\/div>\n\t\t\t\t\t<\/div>\n\t\t","protected":false},"excerpt":{"rendered":"<p>EINSTEIGER\u00adSEMINAR Das&nbsp;Einsteigerseminar-Paket&nbsp;besteht aus insgesamt f\u00fcnf hochwertigen Weinen: Je zwei Rot- und Wei\u00dfweine, sowie einem Cr\u00e9mant. Dazu bekommst du als Veranstalter (Vinary-Master) ein detailliertes Begleitbuch, um dich durch eure Weinverkostung zu f\u00fchren. Das Vinary-Master-Begleitbuch informiert dich dar\u00fcber, wie euer Weinseminar abl\u00e4uft, z.B. wer wann wie was macht, welche Speisen passend zu welchem Wein sind, in welcher [&hellip;]<\/p>\n","protected":false},"author":2,"featured_media":0,"parent":0,"menu_order":0,"comment_status":"closed","ping_status":"closed","template":"","meta":{"_cloudinary_featured_overwrite":false},"yoast_head":"<!-- This site is optimized with the Yoast SEO plugin v17.3 - https:\/\/yoast.com\/wordpress\/plugins\/seo\/ -->\n<title>Vinary.de Einsteigerseminar Weinpaket - Deine eigene Weinprobe zuhause<\/title>\n<meta name=\"description\" content=\"Lerne f\u00fcnf Weine kennen: Unterscheide Farbe, Geruch- und Geschmacksaromen. Erkenne Weinfehler und schule deinen Weingaumen.\" \/>\n<meta name=\"robots\" content=\"index, follow, max-snippet:-1, max-image-preview:large, max-video-preview:-1\" \/>\n<link rel=\"canonical\" href=\"https:\/\/vinary.de\/hometasting\/einsteigerseminar\/\" \/>\n<meta property=\"og:locale\" content=\"en_US\" \/>\n<meta property=\"og:type\" content=\"article\" \/>\n<meta property=\"og:title\" content=\"Vinary.de Einsteigerseminar Weinpaket - Deine eigene Weinprobe zuhause\" \/>\n<meta property=\"og:description\" content=\"Lerne f\u00fcnf Weine kennen: Unterscheide Farbe, Geruch- und Geschmacksaromen. Erkenne Weinfehler und schule deinen Weingaumen.\" \/>\n<meta property=\"og:url\" content=\"https:\/\/vinary.de\/hometasting\/einsteigerseminar\/\" \/>\n<meta property=\"og:site_name\" content=\"Vinary - Weinseminare mit Freunden zuhause veranstalten\" \/>\n<meta property=\"article:publisher\" content=\"https:\/\/www.facebook.com\/vinary.seminare\/\" \/>\n<meta property=\"article:modified_time\" content=\"2021-07-29T09:04:01+00:00\" \/>\n<meta property=\"og:image\" content=\"http:\/\/www.vinary.de\/hometasting\/wp-content\/uploads\/2021\/07\/einsteiger_orig-1.jpg\" \/>\n<meta name=\"twitter:card\" content=\"summary_large_image\" \/>\n<meta name=\"twitter:site\" content=\"@Vinaryseminare\" \/>\n<meta name=\"twitter:label1\" content=\"Est. reading time\" \/>\n\t<meta name=\"twitter:data1\" content=\"2 minutes\" \/>\n<script type=\"application\/ld+json\" class=\"yoast-schema-graph\">{\"@context\":\"https:\/\/schema.org\",\"@graph\":[{\"@type\":\"Organization\",\"@id\":\"https:\/\/www.vinary.de\/hometasting\/#organization\",\"name\":\"Vinary\",\"url\":\"https:\/\/www.vinary.de\/hometasting\/\",\"sameAs\":[\"https:\/\/www.facebook.com\/vinary.seminare\/\",\"https:\/\/www.instagram.com\/vinaryseminare\/\",\"https:\/\/twitter.com\/Vinaryseminare\"],\"logo\":{\"@type\":\"ImageObject\",\"@id\":\"https:\/\/www.vinary.de\/hometasting\/#logo\",\"inLanguage\":\"en\",\"url\":\"http:\/\/www.vinary.de\/hometasting\/wp-content\/uploads\/2021\/07\/vinary-logo.png\",\"contentUrl\":\"http:\/\/www.vinary.de\/hometasting\/wp-content\/uploads\/2021\/07\/vinary-logo.png\",\"width\":177,\"height\":55,\"caption\":\"Vinary\"},\"image\":{\"@id\":\"https:\/\/www.vinary.de\/hometasting\/#logo\"}},{\"@type\":\"WebSite\",\"@id\":\"https:\/\/www.vinary.de\/hometasting\/#website\",\"url\":\"https:\/\/www.vinary.de\/hometasting\/\",\"name\":\"Vinary - Weinseminare mit Freunden zuhause veranstalten\",\"description\":\"Weinseminare mit Freunden zuhause\",\"publisher\":{\"@id\":\"https:\/\/www.vinary.de\/hometasting\/#organization\"},\"potentialAction\":[{\"@type\":\"SearchAction\",\"target\":{\"@type\":\"EntryPoint\",\"urlTemplate\":\"https:\/\/www.vinary.de\/hometasting\/?s={search_term_string}\"},\"query-input\":\"required name=search_term_string\"}],\"inLanguage\":\"en\"},{\"@type\":\"ImageObject\",\"@id\":\"https:\/\/vinary.de\/hometasting\/einsteigerseminar\/#primaryimage\",\"inLanguage\":\"en\",\"url\":\"http:\/\/www.vinary.de\/hometasting\/wp-content\/uploads\/2021\/07\/einsteiger_orig-1.jpg\",\"contentUrl\":\"http:\/\/www.vinary.de\/hometasting\/wp-content\/uploads\/2021\/07\/einsteiger_orig-1.jpg\"},{\"@type\":\"WebPage\",\"@id\":\"https:\/\/vinary.de\/hometasting\/einsteigerseminar\/#webpage\",\"url\":\"https:\/\/vinary.de\/hometasting\/einsteigerseminar\/\",\"name\":\"Vinary.de Einsteigerseminar Weinpaket - Deine eigene Weinprobe zuhause\",\"isPartOf\":{\"@id\":\"https:\/\/www.vinary.de\/hometasting\/#website\"},\"primaryImageOfPage\":{\"@id\":\"https:\/\/vinary.de\/hometasting\/einsteigerseminar\/#primaryimage\"},\"datePublished\":\"2021-06-30T10:42:20+00:00\",\"dateModified\":\"2021-07-29T09:04:01+00:00\",\"description\":\"Lerne f\\u00fcnf Weine kennen: Unterscheide Farbe, Geruch- und Geschmacksaromen. Erkenne Weinfehler und schule deinen Weingaumen.\",\"breadcrumb\":{\"@id\":\"https:\/\/vinary.de\/hometasting\/einsteigerseminar\/#breadcrumb\"},\"inLanguage\":\"en\",\"potentialAction\":[{\"@type\":\"ReadAction\",\"target\":[\"https:\/\/vinary.de\/hometasting\/einsteigerseminar\/\"]}]},{\"@type\":\"BreadcrumbList\",\"@id\":\"https:\/\/vinary.de\/hometasting\/einsteigerseminar\/#breadcrumb\",\"itemListElement\":[{\"@type\":\"ListItem\",\"position\":1,\"name\":\"Home\",\"item\":\"https:\/\/vinary.de\/hometasting\/\"},{\"@type\":\"ListItem\",\"position\":2,\"name\":\"EINSTEIGER\\u00adSEMINAR\"}]}]}<\/script>\n<!-- \/ Yoast SEO plugin. -->","yoast_head_json":{"title":"Vinary.de Einsteigerseminar Weinpaket - Deine eigene Weinprobe zuhause","description":"Lerne f\u00fcnf Weine kennen: Unterscheide Farbe, Geruch- und Geschmacksaromen. Erkenne Weinfehler und schule deinen Weingaumen.","robots":{"index":"index","follow":"follow","max-snippet":"max-snippet:-1","max-image-preview":"max-image-preview:large","max-video-preview":"max-video-preview:-1"},"canonical":"https:\/\/vinary.de\/hometasting\/einsteigerseminar\/","og_locale":"en_US","og_type":"article","og_title":"Vinary.de Einsteigerseminar Weinpaket - Deine eigene Weinprobe zuhause","og_description":"Lerne f\u00fcnf Weine kennen: Unterscheide Farbe, Geruch- und Geschmacksaromen. Erkenne Weinfehler und schule deinen Weingaumen.","og_url":"https:\/\/vinary.de\/hometasting\/einsteigerseminar\/","og_site_name":"Vinary - Weinseminare mit Freunden zuhause veranstalten","article_publisher":"https:\/\/www.facebook.com\/vinary.seminare\/","article_modified_time":"2021-07-29T09:04:01+00:00","og_image":[{"url":"http:\/\/www.vinary.de\/hometasting\/wp-content\/uploads\/2021\/07\/einsteiger_orig-1.jpg"}],"twitter_card":"summary_large_image","twitter_site":"@Vinaryseminare","twitter_misc":{"Est. reading time":"2 minutes"},"schema":{"@context":"https:\/\/schema.org","@graph":[{"@type":"Organization","@id":"https:\/\/www.vinary.de\/hometasting\/#organization","name":"Vinary","url":"https:\/\/www.vinary.de\/hometasting\/","sameAs":["https:\/\/www.facebook.com\/vinary.seminare\/","https:\/\/www.instagram.com\/vinaryseminare\/","https:\/\/twitter.com\/Vinaryseminare"],"logo":{"@type":"ImageObject","@id":"https:\/\/www.vinary.de\/hometasting\/#logo","inLanguage":"en","url":"http:\/\/www.vinary.de\/hometasting\/wp-content\/uploads\/2021\/07\/vinary-logo.png","contentUrl":"http:\/\/www.vinary.de\/hometasting\/wp-content\/uploads\/2021\/07\/vinary-logo.png","width":177,"height":55,"caption":"Vinary"},"image":{"@id":"https:\/\/www.vinary.de\/hometasting\/#logo"}},{"@type":"WebSite","@id":"https:\/\/www.vinary.de\/hometasting\/#website","url":"https:\/\/www.vinary.de\/hometasting\/","name":"Vinary - Weinseminare mit Freunden zuhause veranstalten","description":"Weinseminare mit Freunden zuhause","publisher":{"@id":"https:\/\/www.vinary.de\/hometasting\/#organization"},"potentialAction":[{"@type":"SearchAction","target":{"@type":"EntryPoint","urlTemplate":"https:\/\/www.vinary.de\/hometasting\/?s={search_term_string}"},"query-input":"required name=search_term_string"}],"inLanguage":"en"},{"@type":"ImageObject","@id":"https:\/\/vinary.de\/hometasting\/einsteigerseminar\/#primaryimage","inLanguage":"en","url":"http:\/\/www.vinary.de\/hometasting\/wp-content\/uploads\/2021\/07\/einsteiger_orig-1.jpg","contentUrl":"http:\/\/www.vinary.de\/hometasting\/wp-content\/uploads\/2021\/07\/einsteiger_orig-1.jpg"},{"@type":"WebPage","@id":"https:\/\/vinary.de\/hometasting\/einsteigerseminar\/#webpage","url":"https:\/\/vinary.de\/hometasting\/einsteigerseminar\/","name":"Vinary.de Einsteigerseminar Weinpaket - Deine eigene Weinprobe zuhause","isPartOf":{"@id":"https:\/\/www.vinary.de\/hometasting\/#website"},"primaryImageOfPage":{"@id":"https:\/\/vinary.de\/hometasting\/einsteigerseminar\/#primaryimage"},"datePublished":"2021-06-30T10:42:20+00:00","dateModified":"2021-07-29T09:04:01+00:00","description":"Lerne f\u00fcnf Weine kennen: Unterscheide Farbe, Geruch- und Geschmacksaromen. Erkenne Weinfehler und schule deinen Weingaumen.","breadcrumb":{"@id":"https:\/\/vinary.de\/hometasting\/einsteigerseminar\/#breadcrumb"},"inLanguage":"en","potentialAction":[{"@type":"ReadAction","target":["https:\/\/vinary.de\/hometasting\/einsteigerseminar\/"]}]},{"@type":"BreadcrumbList","@id":"https:\/\/vinary.de\/hometasting\/einsteigerseminar\/#breadcrumb","itemListElement":[{"@type":"ListItem","position":1,"name":"Home","item":"https:\/\/vinary.de\/hometasting\/"},{"@type":"ListItem","position":2,"name":"EINSTEIGER\u00adSEMINAR"}]}]}},"_links":{"self":[{"href":"https:\/\/vinary.de\/hometasting\/wp-json\/wp\/v2\/pages\/63"}],"collection":[{"href":"https:\/\/vinary.de\/hometasting\/wp-json\/wp\/v2\/pages"}],"about":[{"href":"https:\/\/vinary.de\/hometasting\/wp-json\/wp\/v2\/types\/page"}],"author":[{"embeddable":true,"href":"https:\/\/vinary.de\/hometasting\/wp-json\/wp\/v2\/users\/2"}],"replies":[{"embeddable":true,"href":"https:\/\/vinary.de\/hometasting\/wp-json\/wp\/v2\/comments?post=63"}],"version-history":[{"count":8,"href":"https:\/\/vinary.de\/hometasting\/wp-json\/wp\/v2\/pages\/63\/revisions"}],"predecessor-version":[{"id":1026,"href":"https:\/\/vinary.de\/hometasting\/wp-json\/wp\/v2\/pages\/63\/revisions\/1026"}],"wp:attachment":[{"href":"https:\/\/vinary.de\/hometasting\/wp-json\/wp\/v2\/media?parent=63"}],"curies":[{"name":"wp","href":"https:\/\/api.w.org\/{rel}","templated":true}]}}